{"id":3483,"date":"2025-10-17T11:17:09","date_gmt":"2025-10-17T09:17:09","guid":{"rendered":"https:\/\/nau-uniforms.pl\/?post_type=product&#038;p=3483"},"modified":"2025-12-02T13:38:27","modified_gmt":"2025-12-02T12:38:27","slug":"bluza-medyczna-palma","status":"publish","type":"product","link":"https:\/\/nau-uniforms.pl\/index.php\/produkt\/bluza-medyczna-palma\/","title":{"rendered":"Bluza medyczna Palma"},"content":{"rendered":"<p style=\"font-weight: 400;\"><b><strong>Bluza medyczna Palma<\/strong><\/b>\u00a0to praktyczne ale i pi\u0119kne 2 w 1. Je\u015bli, tak jak my, nie lubisz klimatyzacji lub pracujesz w ch\u0142odniejszym \u015brodowisku, mamy dla Ciebie idealne rozwi\u0105zanie! Nasza bluza posiada d\u0142ugie r\u0119kawy, kt\u00f3re, za pomoc\u0105 troczk\u00f3w, mo\u017cesz swobodnie podwin\u0105\u0107 do d\u0142ugo\u015bci \u00be. Podoba Ci si\u0119? Mamy wi\u0119cej! Praktyczne rozci\u0119cia po bokach i kontrafa\u0142da na plecach zapewni\u0105 najwy\u017cszy komfort pracy a dekolt w serek i wypieszczone detale robi\u0105 robot\u0119.<\/p>\n<p style=\"font-weight: 400;\">Dzi\u0119ki praktycznym kieszeniom \u2013 dwie pojemne z przodu oraz dwie ukryte \u2013 b\u0119dziesz mog\u0142a mie\u0107 wszystkie wa\u017cne rzeczy zawsze przy sobie.<\/p>\n<p style=\"font-weight: 400;\">Jak wszystkie scrubs&#8217;y\u00a0<b><strong>NAU<\/strong><\/b>, Palma\u00a0\u00a0zosta\u0142a uszyta z mi\u0119kkiego, lekko lej\u0105cego si\u0119, przyjemnego w dotyku materia\u0142u. Tkanina fantastycznie uk\u0142ada si\u0119, wygl\u0105da elegancko a na dodatek jest elastyczna i odprowadza wilgo\u0107. To jeszcze nie wszystko! Scrubsy\u00a0<b><strong>NAU<\/strong><\/b>\u00a0s\u0105 wytrzyma\u0142e i \u0142atwe w utrzymaniu &#8211; je\u015bli nie masz czasu i energii na prasowanie, spr\u00f3buj naszej metody &#8211; \u00a0po wypraniu rozwie\u015b sw\u00f3j scrubs na wieszaku a rano\u00a0b\u0119dzie ponownie gotowy do dzia\u0142ania.<\/p>\n<p style=\"font-weight: 400;\"><b><strong>NAU<\/strong><\/b>\u00a0s\u0105 jak druga sk\u00f3ra!<\/p>\n<p style=\"font-weight: 400;\">Materia\u0142: 73% poliester, 23% wiskoza, 4% elastan<\/p>\n<p style=\"font-weight: 400;\">TABELA ROZMIAR\u00d3W BLUZY<\/p>\n<p style=\"font-weight: 400;\">Wymiary podane w centymetrach\u00a0<b><strong>mierzone na p\u0142asko<\/strong><\/b><\/p>\n<table style=\"font-weight: 400; height: 445px;\" width=\"638\">\n<tbody>\n<tr>\n<td width=\"121\"><\/td>\n<td width=\"121\"><b><strong>biust<\/strong><\/b><\/td>\n<td width=\"121\"><b><strong>biodra<\/strong><\/b><\/td>\n<td width=\"121\"><b><strong>d\u0142ugo\u015b\u0107<\/strong><\/b><\/td>\n<td width=\"121\"><b><strong>d\u0142ugo\u015b\u0107 r\u0119kawa<\/strong><\/b><\/td>\n<\/tr>\n<tr>\n<td width=\"121\"><b><strong>XS<\/strong><\/b><\/td>\n<td width=\"121\">47<\/td>\n<td width=\"121\">49<\/td>\n<td width=\"121\">59<\/td>\n<td width=\"121\">59<\/td>\n<\/tr>\n<tr>\n<td width=\"121\"><b><strong>S<\/strong><\/b><\/td>\n<td width=\"121\">49<\/td>\n<td width=\"121\">51<\/td>\n<td width=\"121\">62<\/td>\n<td width=\"121\">60<\/td>\n<\/tr>\n<tr>\n<td width=\"121\"><b><strong>M<\/strong><\/b><\/td>\n<td width=\"121\">51<\/td>\n<td width=\"121\">53<\/td>\n<td width=\"121\">62<\/td>\n<td width=\"121\">61<\/td>\n<\/tr>\n<tr>\n<td width=\"121\"><b><strong>L<\/strong><\/b><\/td>\n<td width=\"121\">53<\/td>\n<td width=\"121\">55<\/td>\n<td width=\"121\">64<\/td>\n<td width=\"121\">61<\/td>\n<\/tr>\n<tr>\n<td width=\"121\"><b><strong>XL<\/strong><\/b><\/td>\n<td width=\"121\">55<\/td>\n<td width=\"121\">57<\/td>\n<td width=\"121\">66<\/td>\n<td width=\"121\">62<\/td>\n<\/tr>\n<tr>\n<td width=\"121\"><b><strong>XXL<\/strong><\/b><\/td>\n<td width=\"121\">57<\/td>\n<td width=\"121\">59<\/td>\n<td width=\"121\">66<\/td>\n<td width=\"121\">63<\/td>\n<\/tr>\n<\/tbody>\n<\/table>\n<p style=\"font-weight: 400;\">Pami\u0119taj prosz\u0119, \u017ce rzeczywiste kolory produkt\u00f3w mog\u0105 nieznacznie r\u00f3\u017cni\u0107 si\u0119 od tych przedstawionych na zdj\u0119ciach znajduj\u0105cych si\u0119 na naszej stronie. Cz\u0119sto zale\u017cy to od ustawie\u0144 monitora\/ekranu, poniewa\u017c u ka\u017cdego z nas mog\u0119 si\u0119 one nieco r\u00f3\u017cni\u0107.<\/p>\n","protected":false},"excerpt":{"rendered":"<div class=\"row product-info-row\">\n<div class=\"col-md-6 col-product-info\">\n<div id=\"col-product-info\">\n<div class=\"product-information\">\n<div class=\"product-actions js-product-actions\">\n<div id=\"product-description-short\" class=\"rte-content product-description\">\n<p class=\"Styl2\">Damska bluza medyczna o niezwykle funkcjonalnym kroju. Model ten posiada d\u0142ugie r\u0119kawy, kt\u00f3re, za pomoc\u0105 troczk\u00f3w, mo\u017cna podwin\u0105\u0107 do d\u0142ugo\u015bci 3\/4. Pokochasz bluz\u0119 Palma nie tylko za wygod\u0119 i praktyczne rozwi\u0105zania ale tak\u017ce za zachwycaj\u0105cy fason, w kt\u00f3rym \u015bwietnie si\u0119 poczujesz!<\/p>\n<\/div>\n<\/div>\n<\/div>\n<\/div>\n<\/div>\n<\/div>\n","protected":false},"featured_media":0,"comment_status":"open","ping_status":"closed","template":"","meta":[],"product_brand":[],"product_cat":[86],"product_tag":[],"class_list":{"0":"post-3483","1":"product","2":"type-product","3":"status-publish","5":"product_cat-bluzy-medyczne-damskie","6":"pa_kolor-azzurro-2","7":"pa_kolor-caffe-latte-please-2","8":"pa_kolor-gray-whisper-2","9":"pa_kolor-lady-in-pink-2","10":"pa_kolor-lavender-field-2","11":"pa_rozmiar-xs","12":"pa_rozmiar-s","13":"pa_rozmiar-m","14":"pa_rozmiar-l","15":"pa_rozmiar-xl","16":"pa_rozmiar-xxl","18":"first","19":"instock","20":"taxable","21":"shipping-taxable","22":"purchasable","23":"product-type-variable","24":"rtwpvg-product"},"jetpack_sharing_enabled":true,"_links":{"self":[{"href":"https:\/\/nau-uniforms.pl\/index.php\/wp-json\/wp\/v2\/product\/3483","targetHints":{"allow":["GET"]}}],"collection":[{"href":"https:\/\/nau-uniforms.pl\/index.php\/wp-json\/wp\/v2\/product"}],"about":[{"href":"https:\/\/nau-uniforms.pl\/index.php\/wp-json\/wp\/v2\/types\/product"}],"replies":[{"embeddable":true,"href":"https:\/\/nau-uniforms.pl\/index.php\/wp-json\/wp\/v2\/comments?post=3483"}],"wp:attachment":[{"href":"https:\/\/nau-uniforms.pl\/index.php\/wp-json\/wp\/v2\/media?parent=3483"}],"wp:term":[{"taxonomy":"product_brand","embeddable":true,"href":"https:\/\/nau-uniforms.pl\/index.php\/wp-json\/wp\/v2\/product_brand?post=3483"},{"taxonomy":"product_cat","embeddable":true,"href":"https:\/\/nau-uniforms.pl\/index.php\/wp-json\/wp\/v2\/product_cat?post=3483"},{"taxonomy":"product_tag","embeddable":true,"href":"https:\/\/nau-uniforms.pl\/index.php\/wp-json\/wp\/v2\/product_tag?post=3483"}],"curies":[{"name":"wp","href":"https:\/\/api.w.org\/{rel}","templated":true}]}}