{"id":10,"date":"2025-08-05T08:33:32","date_gmt":"2025-08-05T06:33:32","guid":{"rendered":"https:\/\/nau-uniforms.pl\/index.php\/koszyk\/"},"modified":"2025-11-26T16:29:01","modified_gmt":"2025-11-26T15:29:01","slug":"koszyk","status":"publish","type":"page","link":"https:\/\/nau-uniforms.pl\/index.php\/koszyk\/","title":{"rendered":"Koszyk"},"content":{"rendered":"\t\t<div data-elementor-type=\"wp-page\" data-elementor-id=\"10\" class=\"elementor elementor-10\" data-elementor-post-type=\"page\">\n\t\t\t\t<div class=\"elementor-element elementor-element-ae61a82 e-grid e-con-full e-con e-parent\" data-id=\"ae61a82\" data-element_type=\"container\">\n\t\t\t\t<div class=\"elementor-element elementor-element-55b2199 elementor-widget elementor-widget-heading\" data-id=\"55b2199\" data-element_type=\"widget\" data-widget_type=\"heading.default\">\n\t\t\t\t\t<h2 class=\"elementor-heading-title elementor-size-default\">Koszyk<\/h2>\t\t\t\t<\/div>\n\t\t\t\t<\/div>\n\t\t<div class=\"elementor-element elementor-element-5e689fcc e-con-full e-flex e-con e-parent\" data-id=\"5e689fcc\" data-element_type=\"container\">\n\t\t\t\t<\/div>\n\t\t\t\t<\/div>\n\t\t","protected":false},"excerpt":{"rendered":"<p>Koszyk Usu\u0144 Miniatura Produkt Cena Ilo\u015b\u0107 Kwota &times; Bluza medyczna Vita &#8211; Blueberry Midnight, L 169,15&nbsp;&#122;&#322; ilo\u015b\u0107 Bluza medyczna Vita &#8211; Blueberry Midnight, L 169,15&nbsp;&#122;&#322; &times; Bluza medyczna Palma &#8211; Gray whisper, S 169,15&nbsp;&#122;&#322; ilo\u015b\u0107 Bluza medyczna Palma &#8211; Gray whisper, S 169,15&nbsp;&#122;&#322; U\u017cyj kuponu Kwota 338,30&nbsp;&#122;&#322; Wysy\u0142ka Paczkomaty InPost: 16,00&nbsp;&#122;&#322; Kurier InPost: 18,00&nbsp;&#122;&#322; Kurier [&hellip;]<\/p>\n","protected":false},"author":1,"featured_media":0,"parent":0,"menu_order":0,"comment_status":"closed","ping_status":"closed","template":"elementor_header_footer","meta":{"footnotes":""},"class_list":["post-10","page","type-page","status-publish","hentry"],"jetpack_sharing_enabled":true,"_links":{"self":[{"href":"https:\/\/nau-uniforms.pl\/index.php\/wp-json\/wp\/v2\/pages\/10","targetHints":{"allow":["GET"]}}],"collection":[{"href":"https:\/\/nau-uniforms.pl\/index.php\/wp-json\/wp\/v2\/pages"}],"about":[{"href":"https:\/\/nau-uniforms.pl\/index.php\/wp-json\/wp\/v2\/types\/page"}],"author":[{"embeddable":true,"href":"https:\/\/nau-uniforms.pl\/index.php\/wp-json\/wp\/v2\/users\/1"}],"replies":[{"embeddable":true,"href":"https:\/\/nau-uniforms.pl\/index.php\/wp-json\/wp\/v2\/comments?post=10"}],"version-history":[{"count":20,"href":"https:\/\/nau-uniforms.pl\/index.php\/wp-json\/wp\/v2\/pages\/10\/revisions"}],"predecessor-version":[{"id":4176,"href":"https:\/\/nau-uniforms.pl\/index.php\/wp-json\/wp\/v2\/pages\/10\/revisions\/4176"}],"wp:attachment":[{"href":"https:\/\/nau-uniforms.pl\/index.php\/wp-json\/wp\/v2\/media?parent=10"}],"curies":[{"name":"wp","href":"https:\/\/api.w.org\/{rel}","templated":true}]}}